5132
In base 11, what is 30614 + 0?
30614
In base 2, what is -111110001 - -11010?
-111010111
In base 10, what is 1486 + 3?
1489
In base 11, what is -141 - -11288?
11147
In base 4, what is -10123103 - 3?
-10123112
In base 7, what is 0 + 46252?
46252
In base 12, what is -ab72 - 0?
-ab72
In base 11, what is -5 + 11920a?
119205
In base 5, what is 42440400 - 4?
42440341
In base 13, what is -98a - 12a?
-ab7
In base 12, what is -14 - 482?
-496
In base 9, what is 313 + -56?
246
In base 5, what is 10 + -104010?
-104000
In base 5, what is 12 - 23034?
-23022
In base 7, what is 3256 - -215?
3504
In base 4, what is -13 + -23302231?
-23302310
In base 2, what is 101111101000001 - -1100?
101111101001101
In base 4, what is 1 + -12030030?
-12030023
In base 2, what is -1011 + 101111110000101?
101111101111010
In base 11, what is 1a91 + 1?
1a92
In base 6, what is -204 - -402?
154
In base 4, what is -2 + -10322020?
-10322022
In base 16, what is -5 + 5c36?
5c31
In base 8, what is 3 - -45343?
45346
In base 11, what is -5 + 559a?
5595
In base 15, what is -9 + 27bd4?
27bca
In base 3, what is -201201211 - 21?
-201202002
In base 9, what is 422 + 308?
731
In base 16, what is -32d4 + a?
-32ca
In base 10, what is 837 - 256?
581
In base 11, what is 1a - -754?
773
In base 6, what is -455422 - -2?
-455420
In base 2, what is -100010110111110110 - -10?
-100010110111110100
In base 2, what is 1101010101100101 - -10?
1101010101100111
In base 8, what is -3 - 34574?
-34577
In base 8, what is -145065 - -15?
-145050
In base 2, what is 1011 + -110011011001000011?
-110011011000111000
In base 15, what is 7 - 2ae?
-2a7
In base 7, what is -164 - -142462?
142265
In base 7, what is 253204 - -4?
253211
In base 6, what is -52 - 1051550?
-1052042
In base 3, what is 20011201202 - 12?
20011201120
In base 4, what is -31 - 101101?
-101132
In base 12, what is -98a52 - 5?
-98a57
In base 4, what is -2 - 11123223?
-11123231
In base 11, what is -40705 + 1?
-40704
In base 9, what is 4 + -853382?
-853377
In base 4, what is -2313120 + 2?
-2313112
In base 4, what is -2 - -21221130?
21221122
In base 14, what is -116 + -26?
-13c
In base 8, what is 2 - -2150733?
2150735
In base 10, what is 3 + -223364?
-223361
In base 7, what is -2234 - -554?
-1350
In base 10, what is 5 - 61764?
-61759
In base 13, what is 120 - -2aca?
2c1a
In base 6, what is 1 - -2334431?
2334432
In base 6, what is 2 - 44145?
-44143
In base 11, what is -150 + 722?
582
In base 12, what is 7957 + 39?
7994
In base 12, what is 822 - -6?
828
In base 12, what is 2 - -6a46?
6a48
In base 13, what is 2a99 - 1c?
2a7a
In base 12, what is -22a - -14b6?
1288
In base 11, what is 196 - 4?
192
In base 2, what is 110110011010010 - 100?
110110011001110
In base 2, what is 11011000111 - 100011?
11010100100
In base 4, what is 1 + 131010120?
131010121
In base 7, what is 1063 - 62?
1001
In base 13, what is -37 - -b7?
80
In base 4, what is 3002 - -10130?
13132
In base 11, what is a60a3 + 0?
a60a3
In base 15, what is 0 + -152ec?
-152ec
In base 11, what is -153251 + 2?
-15324a
In base 9, what is 3 + -323384?
-323381
In base 6, what is -205 - -33023?
32414
In base 6, what is 144441 - 5?
144432
In base 2, what is 10000111 + 100100011?
110101010
In base 7, what is -1361 + -316?
-2010
In base 6, what is -33513 + 3044?
-30425
In base 10, what is 4 - -11364?
11368
In base 12, what is a - 69739?
-6972b
In base 6, what is 1420 + -1?
1415
In base 9, what is 35 - -47623?
47658
In base 16, what is 5d8 - 175?
463
In base 8, what is -604 + 16525?
15721
In base 9, what is 20 + -1813?
-1783
In base 3, what is -2121200 - 1120?
-2200020
In base 8, what is 5 - -152330?
152335
In base 13, what is 320 + ab?
3cb
In base 16, what is -390 - -2b5?
-db
In base 7, what is 463062 + -2?
463060
In base 9, what is 14 - -11546?
11561
In base 8, what is 3700256 + 4?
3700262
In base 14, what is -14 + 5?
-d
In base 11, what is -161a6 + 5?
-161a1
In base 7, what is 10145 + -462?
6353
In base 13, what is 585b8 - 3?
585b5
In base 5, what is -1 - -1031204?
1031203
In base 12, what is 3131 - -1?
3132
In base 14, what is c6 - -7ab2?
7b98
In base 7, what is -1144366 - -1?
-1144365
In base 2, what is -1010010010001 - -1111?
-1010010000010
In base 16, what is -7 + -2535?
-253c
In base 10, what is -6 - -124010?
124004
In base 8, what is -2100 + -1405?
-3505
In base 12, what is 112 - b7?
17
In base 16, what is 899d7 + -5?
899d2
In base 13, what is 23c9 + 3?
23cc
In base 15, what is 1d + 54?
72
In base 7, what is 135 - -60?
225
In base 8, what is 4 - -103373?
103377
In base 16, what is 2 + -28b?
-289
In base 16, what is -2376d + -3?
-23770
In base 4, what is 11020 - -101003?
112023
In base 16, what is 3d - 2d45?
-2d08
In base 2, what is -1101 - -100110010000100000?
100110010000010011
In base 6, what is 20 + 4404?
4424
In base 9, what is -88364 - -5?
-88358
In base 12, what is -66 + 47809?
47763
In base 6, what is -114251023 + 2?
-114251021
In base 4, what is -3230 - 110?
-10000
In base 10, what is 4066 + -16?
4050
In base 10, what is 9 - -547?
556
In base 16, what is 10435c - -5?
104361
In base 3, what is 11120022 + -10?
11120012
In base 10, what is -3 - -13928?
13925
In base 3, what is -11100 - -120211201?
120200101
In base 6, what is 132102 - 151?
131511
In base 10, what is 208459 - -3?
208462
In base 16, what is -690 + -a?
-69a
In base 10, what is -103846 + -26?
-103872
In base 11, what is -7 - a65?
-a71
In base 5, what is 33034 + 343?
33432
In base 3, what is 1200 + 101102?
110002
In base 13, what is 4 - 15bb3?
-15bac
In base 4, what is 11121020 + 11?
11121031
In base 3, what is -1012210 - 101?
-1020011
In base 13, what is 60b5 + -12?
60a3
In base 12, what is 359780 - -1?
359781
In base 8, what is -3 - 21745?
-21750
In base 5, what is 4111 - -4232?
13343
In base 12, what is -1 - 7060?
-7061
In base 8, what is 1033406 + 7?
1033415
In base 14, what is -64 + -447?
-4ab
In base 4, what is -1230323113 + -10?
-1230323123
In base 14, what is ab + -1c30?
-1b63
In base 7, what is 433446 - -1?
433450
In base 6, what is -322353 - 0?
-322353
In base 9, what is -5 - -37?
32
In base 13, what is -58c1 - 66?
-5957
In base 15, what is -4 + -10e3c?
-10e41
In base 12, what is -1a1b + -19?
-1a38
In base 13, what is 13b - 89?
82
In base 8, what is -26617 - -10?
-26607
In base 3, what is -22 - 21021102?
-21021201
In base 14, what is 117 + cbd?
dd6
In base 12, what is -5 - -682326?
682321
In base 2, what is -11111 + 10000000111?
1111101000
In base 16, what is -2458 - -2a8?
-21b0
In base 2, what is -10111110 + 1011?
-10110011
In base 11, what is -242437 + 1?
-242436
In base 11, what is 6010 - -10?
6020
In base 4, what is -112013 + 21?
-111332
In base 14, what is 67a1 + 1c?
67bd
In base 3, what is 22 - -202111211?
202112010
In base 12, what is bb4335 + -2?
bb4333
In base 11, what is -1899 - 87?
-1975
In base 16, what is -1a4a76 + -5?
-1a4a7b
In base 4, what is -11031 + 123220?
112123
In base 12, what is -65b + -3a4?
-a43
In base 2, what is 110001110011 - 111?
110001101100
In base 13, what is 1 - -12487?
12488
In base 13, what is -251 + -672?
-8c3
In base 16, what is 673 + ed?
760
In base 12, what is 17 - 1339?
-1322
In base 14, what is -3757 + 1d?
-3738
In base 12, what is -2731 - -27?
-2706
In base 12, what is 141b - -2?
1421
In base 11, what is -8066 - 44?
-80aa
In base 10, what is 122669 + -5?
122664
In base 14, what is -9342 + -3?
-9345
In base 4, what is 120233122 - -2?
120233130
In base 7, what is -54 - 6220?
-6304
In base 2, what is 100010 + -10100010010000?
-10100001101110
In base 4, what is 32000 - -110133?
202133
In base 4, what is -202 - -102212?
102010
In base 4, what is -2 + -1210013002?
-1210013010
In base 16, what is -23 + -11e8?
-120b
In base 12, what is -132063 - 0?
-132063
In base 12, what is -2a40 - -3?
-2a39
In base 2, what is 101110001100 - 111100111?
100110100101
In base 10, what is 194536 - -3?
194539
In base 13, what is -190 - c61?
-1121
In base 5, what is 132242 - -113?
132410
In base 7, what is -3 - 24041?
-24044
In base 14, what is -5 - -c53?
c4c
In base 2, what is -10111 + 1011110111000?
1011110100001
In base 6, what is 1 - -35422343?
35422344
In base 2, what is -10 + 1011100010110?
1011100010100
In base 6, what is 1111 - -141032?
142143
In base 10, what is 0 + 7216?
7216
In base 14, what is 3c - -152?
